{"id":1449,"date":"2016-05-15T22:20:00","date_gmt":"2016-05-15T19:20:00","guid":{"rendered":"http:\/\/misjonikoor.eelk.ee\/?page_id=1449"},"modified":"2017-05-09T20:36:37","modified_gmt":"2017-05-09T17:36:37","slug":"ilmunud-on-misjonikoori-uus-cd-hingekuld","status":"publish","type":"page","link":"https:\/\/misjonikoor.eelk.ee\/?page_id=1449","title":{"rendered":"Ilmunud on Misjonikoori uus CD Hingekuld!"},"content":{"rendered":"<p><a href=\"http:\/\/misjonikoor.eelk.ee\/?attachment_id=1450\" rel=\"attachment wp-att-1450\"><img loading=\"lazy\" decoding=\"async\" class=\"aligncenter wp-image-1450\" src=\"http:\/\/misjonikoor.eelk.ee\/wp-content\/uploads\/2016\/05\/Hingekuld-kaanekujundus-1024x919.jpg\" alt=\"Hingekuld kaanekujundus\" width=\"320\" height=\"287\" srcset=\"https:\/\/misjonikoor.eelk.ee\/wp-content\/uploads\/2016\/05\/Hingekuld-kaanekujundus-1024x919.jpg 1024w, https:\/\/misjonikoor.eelk.ee\/wp-content\/uploads\/2016\/05\/Hingekuld-kaanekujundus-300x269.jpg 300w, https:\/\/misjonikoor.eelk.ee\/wp-content\/uploads\/2016\/05\/Hingekuld-kaanekujundus-768x689.jpg 768w, https:\/\/misjonikoor.eelk.ee\/wp-content\/uploads\/2016\/05\/Hingekuld-kaanekujundus.jpg 1631w\" sizes=\"auto, (max-width: 320px) 100vw, 320px\" \/><\/a><\/p>\n<p>Plaat on saadaval erinevates kogudustes:\u00a0<span style=\"color: #008080;\"><a style=\"color: #008080;\" href=\"http:\/\/misjonikeskus.eelk.ee\/kontakt\/\">EELK Misjonikeskus<\/a>, Tartu Pauluse Raamatupood, Logose pood, Haapsalu Toomkogudus, L\u00e4\u00e4ne-Nigula kogudus, Tallinna Jaani kogudus, Tallinna Kaarli kogudus, Tallinna Toomkogudus, Allika baptistikogudus, EELK konsistoorium, EELK Kirikumuusika Liit, Oleviste kogudus, Harta internetipood.<\/span><\/p>\n<p><a href=\"http:\/\/misjonikoor.eelk.ee\/?page_id=25\" target=\"_blank\" rel=\"noopener noreferrer\">Vaata galeriid salvestustest ja esitlusest siit!<\/a><\/p>\n<p>&nbsp;<\/p>\n<p><strong><span style=\"font-family: 'book antiqua', palatino, serif;\"><em>Issanda \u00f5nnistus on hinge \u00fclim varandus. <\/em><\/span><\/strong><br \/>\n<strong><span style=\"font-family: 'book antiqua', palatino, serif;\"><em>Issanda \u00f5nnistus, see puhastab, uuendab, p\u00fchitseb ja t\u00e4idab armastusega. <\/em><\/span><\/strong><br \/>\n<strong><span style=\"font-family: 'book antiqua', palatino, serif;\"><em>S\u00e4tendab siis hingekuld s\u00fcdames, silmades. Hingekuld s\u00fcdames, silmades armastus.<\/em><\/span><\/strong><\/p>\n<p>Misjonikoori uue plaadi s\u00f5num on, et igas inimeses peitub v\u00e4ga v\u00e4\u00e4rtuslik alge, n-\u00f6 kullat\u00fckk. L\u00e4bi P\u00fcha Vaimu puudutuse saab meie hing elavaks. Saame olla uueks muudetud, elustub meie sisemine ilu. L\u00e4bi Issanda \u00f5nnistuse saame hoida seda aaret s\u00e4ravana, jagada headust.<\/p>\n<p>Plaadil v\u00f5ib leida sarnasusi Misjonikoori kahe viimase helikandja \u00fclesehitusega. Siin on \u00fcheksa laulu, aga kogu muusikat v\u00f5ib k\u00e4sitleda ka kui 50-minutilist tervikteost. Samas on iga laul kui omaette lugu v\u00f5i jutustus, kuhu mahub ka t\u00e4nu, \u00fclistus ja palve.<\/p>\n<p>Kokku on panustanud umbes 60 inimest oma aega ja head tahet, et kuulutada muusikahelide keeles elumuutvat s\u00f5numit ja \u00fchtlasi rikastada meie kirikumuusikat uue loominguga. Suur r\u00f5\u00f5m on m\u00f5elda k\u00f5ikidele lauljatele ja muusikutele, kelle panus on aukartust \u00e4ratav. Salvestusprotsessini j\u00f5udmine h\u00f5lmab aga palju etappe alates muusika loomisest ja noodistamisest kuni n\u00e4iteks abivalmis inimeste hoolitsuseni, et pikkadel harjutus- ja sisselaulmisp\u00e4evadel oleks kaetud toidulaud.<\/p>\n<p>T\u00e4nud Viimsi P\u00fcha Jaakobi kogudusele, kes avas koori salvestuseks lahkelt oma p\u00fchakoja uksed. Suur t\u00e4nu Jaane Lendile, kelle helistuudios Estvox sai veedetud lugematu hulk tunde. Samuti suured t\u00e4nud helire\u017eiss\u00f6\u00f6r Indrek Pattele erilise professionaalsuse, heatahtlikkuse ja pikameelsuse eest. V\u00e4ga t\u00e4nulikud oleme meie headele toetajatele, kelle annetuste abil CD s\u00fcndida sai!<\/p>\n<p>Loodame s\u00fcdamest, et \u201eHingekuld\u201d v\u00f5iks olla \u00e4ratuseks otsijatele ja p\u00fchitsuseks leidnutele.<\/p>\n<p>MAARJA VARDJA<\/p>\n","protected":false},"excerpt":{"rendered":"<p>Plaat on saadaval erinevates kogudustes:\u00a0EELK Misjonikeskus, Tartu Pauluse Raamatupood, Logose pood, Haapsalu Toomkogudus, L\u00e4\u00e4ne-Nigula kogudus, Tallinna Jaani kogudus, Tallinna Kaarli kogudus, Tallinna Toomkogudus, Allika baptistikogudus, EELK konsistoorium, EELK Kirikumuusika Liit, Oleviste kogudus, Harta internetipood. Vaata galeriid salvestustest ja esitlusest siit! &nbsp; Issanda \u00f5nnistus on hinge \u00fclim varandus. Issanda \u00f5nnistus, see puhastab, uuendab, p\u00fchitseb ja t\u00e4idab &hellip; <a href=\"https:\/\/misjonikoor.eelk.ee\/?page_id=1449\" class=\"more-link\">Loe edasi <span class=\"screen-reader-text\">Ilmunud on Misjonikoori uus CD Hingekuld!<\/span> <span class=\"meta-nav\">&rarr;<\/span><\/a><\/p>\n","protected":false},"author":2,"featured_media":0,"parent":0,"menu_order":0,"comment_status":"closed","ping_status":"closed","template":"","meta":{"footnotes":""},"class_list":["post-1449","page","type-page","status-publish","hentry"],"_links":{"self":[{"href":"https:\/\/misjonikoor.eelk.ee\/index.php?rest_route=\/wp\/v2\/pages\/1449","targetHints":{"allow":["GET"]}}],"collection":[{"href":"https:\/\/misjonikoor.eelk.ee\/index.php?rest_route=\/wp\/v2\/pages"}],"about":[{"href":"https:\/\/misjonikoor.eelk.ee\/index.php?rest_route=\/wp\/v2\/types\/page"}],"author":[{"embeddable":true,"href":"https:\/\/misjonikoor.eelk.ee\/index.php?rest_route=\/wp\/v2\/users\/2"}],"replies":[{"embeddable":true,"href":"https:\/\/misjonikoor.eelk.ee\/index.php?rest_route=%2Fwp%2Fv2%2Fcomments&post=1449"}],"version-history":[{"count":9,"href":"https:\/\/misjonikoor.eelk.ee\/index.php?rest_route=\/wp\/v2\/pages\/1449\/revisions"}],"predecessor-version":[{"id":1950,"href":"https:\/\/misjonikoor.eelk.ee\/index.php?rest_route=\/wp\/v2\/pages\/1449\/revisions\/1950"}],"wp:attachment":[{"href":"https:\/\/misjonikoor.eelk.ee\/index.php?rest_route=%2Fwp%2Fv2%2Fmedia&parent=1449"}],"curies":[{"name":"wp","href":"https:\/\/api.w.org\/{rel}","templated":true}]}}