{"id":1961,"date":"2017-05-09T20:53:10","date_gmt":"2017-05-09T17:53:10","guid":{"rendered":"http:\/\/misjonikoor.eelk.ee\/?page_id=1961"},"modified":"2017-05-09T20:54:52","modified_gmt":"2017-05-09T17:54:52","slug":"kiriktiil","status":"publish","type":"page","link":"https:\/\/misjonikoor.eelk.ee\/?page_id=1961","title":{"rendered":"Kiriktiil"},"content":{"rendered":"<p><a href=\"http:\/\/misjonikoor.eelk.ee\/?attachment_id=1962\" rel=\"attachment wp-att-1962\"><img loading=\"lazy\" decoding=\"async\" class=\"aligncenter wp-image-1962\" src=\"http:\/\/misjonikoor.eelk.ee\/wp-content\/uploads\/2017\/05\/kiriktiil.jpg\" alt=\"\" width=\"204\" height=\"203\" srcset=\"https:\/\/misjonikoor.eelk.ee\/wp-content\/uploads\/2017\/05\/kiriktiil.jpg 176w, https:\/\/misjonikoor.eelk.ee\/wp-content\/uploads\/2017\/05\/kiriktiil-150x150.jpg 150w, https:\/\/misjonikoor.eelk.ee\/wp-content\/uploads\/2017\/05\/kiriktiil-100x100.jpg 100w\" sizes=\"auto, (max-width: 204px) 100vw, 204px\" \/><\/a><\/p>\n<p>Kassett &#8220;Kiriktiil&#8221; 2002<\/p>\n<p>Sisu:<\/p>\n<p><i>1. Kiriktiil (M. Vardja) <\/i><br \/>\n<i>2. Psalm (T. Remmel) <\/i><br \/>\n<i>3. S\u00fcdamek\u00fc\u00fcnlad (M. Vardja) <\/i><br \/>\n<i>4. Sa s\u00fcdames n\u00fc\u00fcd pane&#8230; (M. Metsala) <\/i><br \/>\n<i>5. Sul soovin (T. Remmel)<\/i><br \/>\n<i> 6. J\u00f5ulu\u00f6\u00f6 h\u00fcmn (P. Simojoki) <\/i><br \/>\n<i>7. \u00dcks s\u00e4rav t\u00e4ht (M. Vardja) <\/i><br \/>\n<i>8. Unelugu (M. Vardja)<\/i><br \/>\n<i> 9. All through the night (Welshi viis) <\/i><br \/>\n<i>10. Inglilaul (M. Vardja) <\/i><br \/>\n<i>11. I Heard About (R. Carmichael)<\/i><br \/>\nLisaks laulud Soome kvartetilt.<\/p>\n<p>Kogumiku kohta k\u00fcsi infot <a href=\"http:\/\/misjonikeskus.eelk.ee\/kontakt\/\">Misjonikeskusest<\/a><\/p>\n","protected":false},"excerpt":{"rendered":"<p>Kassett &#8220;Kiriktiil&#8221; 2002 Sisu: 1. Kiriktiil (M. Vardja) 2. Psalm (T. Remmel) 3. S\u00fcdamek\u00fc\u00fcnlad (M. Vardja) 4. Sa s\u00fcdames n\u00fc\u00fcd pane&#8230; (M. Metsala) 5. Sul soovin (T. Remmel) 6. J\u00f5ulu\u00f6\u00f6 h\u00fcmn (P. Simojoki) 7. \u00dcks s\u00e4rav t\u00e4ht (M. Vardja) 8. Unelugu (M. Vardja) 9. All through the night (Welshi viis) 10. Inglilaul (M. Vardja) 11. &hellip; <a href=\"https:\/\/misjonikoor.eelk.ee\/?page_id=1961\" class=\"more-link\">Loe edasi <span class=\"screen-reader-text\">Kiriktiil<\/span> <span class=\"meta-nav\">&rarr;<\/span><\/a><\/p>\n","protected":false},"author":2,"featured_media":0,"parent":0,"menu_order":0,"comment_status":"closed","ping_status":"closed","template":"","meta":{"footnotes":""},"class_list":["post-1961","page","type-page","status-publish","hentry"],"_links":{"self":[{"href":"https:\/\/misjonikoor.eelk.ee\/index.php?rest_route=\/wp\/v2\/pages\/1961","targetHints":{"allow":["GET"]}}],"collection":[{"href":"https:\/\/misjonikoor.eelk.ee\/index.php?rest_route=\/wp\/v2\/pages"}],"about":[{"href":"https:\/\/misjonikoor.eelk.ee\/index.php?rest_route=\/wp\/v2\/types\/page"}],"author":[{"embeddable":true,"href":"https:\/\/misjonikoor.eelk.ee\/index.php?rest_route=\/wp\/v2\/users\/2"}],"replies":[{"embeddable":true,"href":"https:\/\/misjonikoor.eelk.ee\/index.php?rest_route=%2Fwp%2Fv2%2Fcomments&post=1961"}],"version-history":[{"count":4,"href":"https:\/\/misjonikoor.eelk.ee\/index.php?rest_route=\/wp\/v2\/pages\/1961\/revisions"}],"predecessor-version":[{"id":1967,"href":"https:\/\/misjonikoor.eelk.ee\/index.php?rest_route=\/wp\/v2\/pages\/1961\/revisions\/1967"}],"wp:attachment":[{"href":"https:\/\/misjonikoor.eelk.ee\/index.php?rest_route=%2Fwp%2Fv2%2Fmedia&parent=1961"}],"curies":[{"name":"wp","href":"https:\/\/api.w.org\/{rel}","templated":true}]}}