{"id":28,"date":"2013-12-10T21:39:18","date_gmt":"2013-12-10T19:39:18","guid":{"rendered":"http:\/\/misjonikoor.eelk.ee\/?page_id=28"},"modified":"2018-04-30T07:36:19","modified_gmt":"2018-04-30T04:36:19","slug":"raadiosaated","status":"publish","type":"page","link":"https:\/\/misjonikoor.eelk.ee\/?page_id=28","title":{"rendered":"Raadiosaated"},"content":{"rendered":"<p style=\"text-align: center; font-size: 35px;\"><a href=\"http:\/\/misjonikoor.eelk.ee\/wp-content\/uploads\/2013\/12\/raadiosaade-e1387802255192.jpg\"><img loading=\"lazy\" decoding=\"async\" class=\"alignnone size-medium wp-image-46\" src=\"http:\/\/misjonikoor.eelk.ee\/wp-content\/uploads\/2013\/12\/raadiosaade-e1386705995214-300x142.jpg\" alt=\"raadiosaade\" width=\"300\" height=\"142\" \/><\/a><\/p>\n<p style=\"text-align: left;\">Misjonikooril oli nelja aasta v\u00e4ltel v\u00f5imalus salvestada p\u00e4ris omaenda raadiosaadet. Mida huvitavat r\u00e4\u00e4giti saab kuulata allolevatelt linkidelt.<\/p>\n<p style=\"text-align: left;\"><a href=\"http:\/\/www.pereraadio.ee\/uus\/index.php?option=com_content&amp;view=article&amp;id=1965%3Amisjonikoor-muusikas-ja-sonas-2014&amp;catid=115%3Amisjonikoor-sonas-ja-muusikas&amp;Itemid=1\" target=\"_blank\" rel=\"noopener\">Misjonikoor muusikas ja\u00a0s\u00f5nas 2014 raadiosaated<\/a><\/p>\n<p style=\"text-align: left;\"><a title=\"muusikas ja s\u00f5nas\" href=\"http:\/\/www.pereraadio.ee\/uus\/index.php?option=com_content&amp;view=article&amp;id=1467:misjonikoor-muusikas-ja-sonas-2013&amp;catid=115:misjonikoor-sonas-ja-muusikas\" target=\"_blank\" rel=\"noopener\">Misjonikoor muusikas ja\u00a0s\u00f5nas 2013\u00a0raadiosaated<\/a><\/p>\n<p style=\"text-align: left;\"><a href=\"http:\/\/www.pereraadio.ee\/uus\/index.php?option=com_content&amp;view=article&amp;id=1466:misjonikoor-muusikas-ja-sonas-2012&amp;catid=115:misjonikoor-sonas-ja-muusikas\" target=\"_blank\" rel=\"noopener\">Misjonikoor muusikas ja\u00a0s\u00f5nas 2012 raadiosaated<\/a><\/p>\n<p style=\"text-align: left;\"><a href=\"http:\/\/www.pereraadio.ee\/uus\/index.php?option=com_content&amp;view=article&amp;id=1465:misjonikoor-muusikas-ja-sonas-2011&amp;catid=115:misjonikoor-sonas-ja-muusikas\" target=\"_blank\" rel=\"noopener\">Misjonikoor muusikas ja s\u00f5nas 2011 raadiosaated<\/a><\/p>\n","protected":false},"excerpt":{"rendered":"<p>Misjonikooril oli nelja aasta v\u00e4ltel v\u00f5imalus salvestada p\u00e4ris omaenda raadiosaadet. Mida huvitavat r\u00e4\u00e4giti saab kuulata allolevatelt linkidelt. Misjonikoor muusikas ja\u00a0s\u00f5nas 2014 raadiosaated Misjonikoor muusikas ja\u00a0s\u00f5nas 2013\u00a0raadiosaated Misjonikoor muusikas ja\u00a0s\u00f5nas 2012 raadiosaated Misjonikoor muusikas ja s\u00f5nas 2011 raadiosaated<\/p>\n","protected":false},"author":2,"featured_media":0,"parent":0,"menu_order":0,"comment_status":"open","ping_status":"closed","template":"","meta":{"footnotes":""},"class_list":["post-28","page","type-page","status-publish","hentry"],"_links":{"self":[{"href":"https:\/\/misjonikoor.eelk.ee\/index.php?rest_route=\/wp\/v2\/pages\/28","targetHints":{"allow":["GET"]}}],"collection":[{"href":"https:\/\/misjonikoor.eelk.ee\/index.php?rest_route=\/wp\/v2\/pages"}],"about":[{"href":"https:\/\/misjonikoor.eelk.ee\/index.php?rest_route=\/wp\/v2\/types\/page"}],"author":[{"embeddable":true,"href":"https:\/\/misjonikoor.eelk.ee\/index.php?rest_route=\/wp\/v2\/users\/2"}],"replies":[{"embeddable":true,"href":"https:\/\/misjonikoor.eelk.ee\/index.php?rest_route=%2Fwp%2Fv2%2Fcomments&post=28"}],"version-history":[{"count":23,"href":"https:\/\/misjonikoor.eelk.ee\/index.php?rest_route=\/wp\/v2\/pages\/28\/revisions"}],"predecessor-version":[{"id":2411,"href":"https:\/\/misjonikoor.eelk.ee\/index.php?rest_route=\/wp\/v2\/pages\/28\/revisions\/2411"}],"wp:attachment":[{"href":"https:\/\/misjonikoor.eelk.ee\/index.php?rest_route=%2Fwp%2Fv2%2Fmedia&parent=28"}],"curies":[{"name":"wp","href":"https:\/\/api.w.org\/{rel}","templated":true}]}}