{"id":3184,"date":"2023-01-15T20:25:32","date_gmt":"2023-01-15T18:25:32","guid":{"rendered":"https:\/\/misjonikoor.eelk.ee\/?page_id=3184"},"modified":"2023-01-30T13:51:26","modified_gmt":"2023-01-30T11:51:26","slug":"ilmunud-on-misjonikoori-joulumuusikali-cd-valgus-valguses","status":"publish","type":"page","link":"https:\/\/misjonikoor.eelk.ee\/?page_id=3184","title":{"rendered":"Misjonikoori CD &#8220;Valgus Valguses&#8221;"},"content":{"rendered":"\n<div class=\"wp-block-image\"><figure class=\"aligncenter size-large is-resized\"><a href=\"http:\/\/misjonikoor.eelk.ee\/wp-content\/uploads\/2023\/01\/319209255_818563499235283_8162218286645022519_n-1.jpg\"><img loading=\"lazy\" decoding=\"async\" src=\"http:\/\/misjonikoor.eelk.ee\/wp-content\/uploads\/2023\/01\/319209255_818563499235283_8162218286645022519_n-1-1024x918.jpg\" alt=\"\" class=\"wp-image-3179\" width=\"449\" height=\"402\" srcset=\"https:\/\/misjonikoor.eelk.ee\/wp-content\/uploads\/2023\/01\/319209255_818563499235283_8162218286645022519_n-1-1024x918.jpg 1024w, https:\/\/misjonikoor.eelk.ee\/wp-content\/uploads\/2023\/01\/319209255_818563499235283_8162218286645022519_n-1-300x269.jpg 300w, https:\/\/misjonikoor.eelk.ee\/wp-content\/uploads\/2023\/01\/319209255_818563499235283_8162218286645022519_n-1-768x688.jpg 768w, https:\/\/misjonikoor.eelk.ee\/wp-content\/uploads\/2023\/01\/319209255_818563499235283_8162218286645022519_n-1-1536x1377.jpg 1536w, https:\/\/misjonikoor.eelk.ee\/wp-content\/uploads\/2023\/01\/319209255_818563499235283_8162218286645022519_n-1.jpg 1657w\" sizes=\"auto, (max-width: 449px) 100vw, 449px\" \/><\/a><\/figure><\/div>\n\n\n\n<p class=\"has-vivid-purple-color has-text-color\">Headuse poole sirutame k\u00e4ed,<br>Valgus valguses on p\u00e4\u00e4stes\u00f5num Jeesuses.<br>Headuse poole sirutame k\u00e4ed,<br>Valgus valguses on Armastuse h\u00e4\u00e4l me sees.<br>Headuse poole sirutame k\u00e4ed,<br>Lootuse lapsed Taeva Valguses me oleme!<\/p>\n\n\n\n<p>Misjonikooril oli suur r\u00f5\u00f5m esitleda Mustam\u00e4e kirikus (10.12.22) oma uut CD plaati VALGUS VALGUSES koos samanimelise j\u00f5ulumuusikali etendusega. Kuulaja leiab albumilt 14 etenduses k\u00f5lavat muusikanumbrit. Oleme t\u00f5eliselt t\u00e4nulikud, et \u00fcle hulga aja v\u00f5isime v\u00e4lja anda uut, kristliku s\u00f5numiga head muusikat. Album on \u00fchtne tervik, mis toob meie ette Piiblist tuntud j\u00f5ulus\u00fcndmuse. Igas laulutekstis on aga ka midagi, mis puudutab meid isiklikult ning &nbsp;toob hingerahu meie igap\u00e4evasesse ellu.<\/p>\n\n\n\n<p>Lisaks Misjonikoorile kuuleme plaadil laulmas koori ja koguduse laululapsi ning meie soliste: Ivireen Arikainen, Holger Allik, Kaarel Vaherm\u00e4gi. Erilist r\u00f5\u00f5mu pakuvad meie imelised k\u00fclalissolistid: Elina Salum\u00e4e (Maarja), J\u00fcri Liiva (Joosep) ja Teet Rasmus Kaur (ingel Gabriel). Saateansambi moodustavad oma tuntud headuses Matis Metsala (klahvpillid ja fonogrammide produktsioon), Paul Daniel (kitarrid), Martin Kuusk (klarnet), Mihkel Metsala (trompet, fl\u00fc\u00fcgel), Toomas Rull (l\u00f6\u00f6kpillid). Meie plaadi proffessionaalsed k\u00f5lameistrid on Jaane Lend ja Indrek Patte.<\/p>\n\n\n\n<p>Plaadi vaheraamatus v\u00f5ime lisaks laulus\u00f5nadele n\u00e4ha ka m\u00f5nd meeleolukat fotot (Veiko Ilus) j\u00f5ulumuusikali esietendusest (2021).<\/p>\n\n\n\n<p>Plaadikujunduse tegi Annabel Backes, ingliskeelse t\u00f5lke autor on \u00dclle Ehanurm.<\/p>\n\n\n\n<p>Oma sooja ja sisuka p\u00fchendusega andsid meie plaadile lisav\u00e4\u00e4rtust peapiiskop Urmas Viilma ja Mustam\u00e4e koguduse vaimulik Tiina Klement.<\/p>\n\n\n\n<p>Olgu rikkalikult \u00f5nnistatud meie head annetajad ja toetajad, k\u00f5ik aitajad ja abistajad, kelle toel sai v\u00f5imalikuks plaadi v\u00e4ljaandmine. Eriliselt t\u00e4name k\u00f5iki, kes kogu seda suurt projekti on&nbsp; eestpalvetes on hoidnud.<\/p>\n\n\n\n<p>Olgu Armastuse Valgus ka Sinuga, hea kuulaja!<\/p>\n\n\n\n<p><br>VALGUS VALGUSES sisukord<\/p>\n\n\n\n<ol class=\"wp-block-list\"><li><strong>Uvert\u00fc\u00fcr<\/strong> <em>(instrumentaal<\/em>)<\/li><li><strong>S\u00f5numitooja I<\/strong> <em>Ingli kuulutus Maarjale<\/em><\/li><li><strong>Olen armu leidnud<\/strong> <em>Maarja kiituslaul<\/em><\/li><li><strong>S\u00f5numitooja II<\/strong> <em>Ingli kuulutus Joosepile<\/em><\/li><li><strong>Uni <\/strong><em>Joosepi laul<\/em><\/li><li><strong>Teekond <\/strong><em>(instrumentaal<\/em>)<\/li><li><strong>Armastuse h\u00f5lmas<\/strong><em> Joosepi ja Maarja duett<\/em><\/li><li><strong>Helise, maailm!<\/strong><\/li><li><strong>\u00d5itsituli<\/strong> <em>Karjaste tantsulaul<\/em><\/li><li><strong>S\u00f5numitooja III<\/strong> <em>Ingli kuulutus karjastele<\/em><\/li><li><strong>Linnutee. Au olgu Jumalale<\/strong> <em>Inglite laul<\/em><\/li><li><strong>H\u00f5bekuldsed t\u00e4hed<\/strong> <em>H\u00e4llilaul<\/em><\/li><li><strong>Ajam\u00e4rgid<\/strong> <em>T\u00e4hetarkade laul<\/em><\/li><li><strong>Valgus valguses<\/strong><\/li><\/ol>\n\n\n\n<p><\/p>\n\n\n\n<p><strong>Plaati on m\u00fc\u00fcgil<\/strong> <a href=\"https:\/\/www.logos.ee\/\">Logoses<\/a>, <a href=\"https:\/\/www.facebook.com\/magdapood\/\">Magda misjonipoes<\/a>, <a href=\"https:\/\/www.facebook.com\/EELKMustamaeMaarjaMagdaleenaKogudus\/\">Mustam\u00e4e kirikus<\/a> ja <a href=\"https:\/\/pauluseraamatupood.ee\/\">Tartu Pauluse raamatupoes<\/a><\/p>\n\n\n\n<p><\/p>\n","protected":false},"excerpt":{"rendered":"<p>Headuse poole sirutame k\u00e4ed,Valgus valguses on p\u00e4\u00e4stes\u00f5num Jeesuses.Headuse poole sirutame k\u00e4ed,Valgus valguses on Armastuse h\u00e4\u00e4l me sees.Headuse poole sirutame k\u00e4ed,Lootuse lapsed Taeva Valguses me oleme! Misjonikooril oli suur r\u00f5\u00f5m esitleda Mustam\u00e4e kirikus (10.12.22) oma uut CD plaati VALGUS VALGUSES koos samanimelise j\u00f5ulumuusikali etendusega. Kuulaja leiab albumilt 14 etenduses k\u00f5lavat muusikanumbrit. Oleme t\u00f5eliselt t\u00e4nulikud, et \u00fcle &hellip; <a href=\"https:\/\/misjonikoor.eelk.ee\/?page_id=3184\" class=\"more-link\">Loe edasi <span class=\"screen-reader-text\">Misjonikoori CD &#8220;Valgus Valguses&#8221;<\/span> <span class=\"meta-nav\">&rarr;<\/span><\/a><\/p>\n","protected":false},"author":2,"featured_media":0,"parent":0,"menu_order":0,"comment_status":"closed","ping_status":"closed","template":"","meta":{"footnotes":""},"class_list":["post-3184","page","type-page","status-publish","hentry"],"_links":{"self":[{"href":"https:\/\/misjonikoor.eelk.ee\/index.php?rest_route=\/wp\/v2\/pages\/3184","targetHints":{"allow":["GET"]}}],"collection":[{"href":"https:\/\/misjonikoor.eelk.ee\/index.php?rest_route=\/wp\/v2\/pages"}],"about":[{"href":"https:\/\/misjonikoor.eelk.ee\/index.php?rest_route=\/wp\/v2\/types\/page"}],"author":[{"embeddable":true,"href":"https:\/\/misjonikoor.eelk.ee\/index.php?rest_route=\/wp\/v2\/users\/2"}],"replies":[{"embeddable":true,"href":"https:\/\/misjonikoor.eelk.ee\/index.php?rest_route=%2Fwp%2Fv2%2Fcomments&post=3184"}],"version-history":[{"count":10,"href":"https:\/\/misjonikoor.eelk.ee\/index.php?rest_route=\/wp\/v2\/pages\/3184\/revisions"}],"predecessor-version":[{"id":3215,"href":"https:\/\/misjonikoor.eelk.ee\/index.php?rest_route=\/wp\/v2\/pages\/3184\/revisions\/3215"}],"wp:attachment":[{"href":"https:\/\/misjonikoor.eelk.ee\/index.php?rest_route=%2Fwp%2Fv2%2Fmedia&parent=3184"}],"curies":[{"name":"wp","href":"https:\/\/api.w.org\/{rel}","templated":true}]}}