{"id":95,"date":"2013-12-13T09:25:51","date_gmt":"2013-12-13T07:25:51","guid":{"rendered":"http:\/\/misjonikoor.eelk.ee\/?page_id=95"},"modified":"2014-01-15T21:52:57","modified_gmt":"2014-01-15T19:52:57","slug":"misjonikoor-cd-valge-ruu","status":"publish","type":"page","link":"https:\/\/misjonikoor.eelk.ee\/?page_id=95","title":{"rendered":"Misjonikoor \u201eCD Valge r\u00fc\u00fc\u201c"},"content":{"rendered":"<p><a href=\"http:\/\/misjonikoor.eelk.ee\/wp-content\/uploads\/2013\/12\/valgeruu.jpg\"><img loading=\"lazy\" decoding=\"async\" class=\"size-full wp-image-98 aligncenter\" alt=\"valgeruu\" src=\"http:\/\/misjonikoor.eelk.ee\/wp-content\/uploads\/2013\/12\/valgeruu.jpg\" width=\"200\" height=\"197\" \/><\/a><\/p>\n<p>&nbsp;<\/p>\n<p>Sisu:<\/p>\n<p>1. V\u00f5ta aega olla p\u00fcha (O. Olvik)<br \/>\n2. Misjonikoraal<br \/>\n3. Halleluuja, t\u00e4nu ja \u00fclistus (M. Vardja)<br \/>\n4. \u00d5nn on&#8230; (M. Vardja)<br \/>\n5. S\u00fctti, s\u00fctti, tulekene (M. Vardja)<br \/>\n6. Veni sancte spiritus (Taize laul)<br \/>\n7. Minu isa palve (S. Kullus)<br \/>\n8. Siku rin gwana hosi (L\u00f5una-Aafrika trad.)<br \/>\n9. Singa (Uganda trad.)<br \/>\n10. Halleluja tang`omwene<br \/>\n11. Kulanu modim (heebrea kiituslaul)<br \/>\n12. Kyrie Eleison 13. Oo, arm v\u00f5rratu (trad.)<br \/>\n14. Ava mu silmad (C.H.Scott)<br \/>\n15. Jesus, Be A Fence (trad)<br \/>\n16. \u00dcle l\u00e4ve (M. Vardja)<br \/>\n17. Valge r\u00fc\u00fc (M. Vardja)<\/p>\n<p>Plaat saadaval <a href=\"http:\/\/misjon.eelk.ee\/sisu.php?lehe_id=72\" target=\"_blank\">Misjonikeskuse veebipoes<\/a><\/p>\n","protected":false},"excerpt":{"rendered":"<p>&nbsp; Sisu: 1. V\u00f5ta aega olla p\u00fcha (O. Olvik) 2. Misjonikoraal 3. Halleluuja, t\u00e4nu ja \u00fclistus (M. Vardja) 4. \u00d5nn on&#8230; (M. Vardja) 5. S\u00fctti, s\u00fctti, tulekene (M. Vardja) 6. Veni sancte spiritus (Taize laul) 7. Minu isa palve (S. Kullus) 8. Siku rin gwana hosi (L\u00f5una-Aafrika trad.) 9. Singa (Uganda trad.) 10. Halleluja tang`omwene &hellip; <a href=\"https:\/\/misjonikoor.eelk.ee\/?page_id=95\" class=\"more-link\">Loe edasi <span class=\"screen-reader-text\">Misjonikoor \u201eCD Valge r\u00fc\u00fc\u201c<\/span> <span class=\"meta-nav\">&rarr;<\/span><\/a><\/p>\n","protected":false},"author":2,"featured_media":0,"parent":0,"menu_order":0,"comment_status":"closed","ping_status":"open","template":"","meta":{"footnotes":""},"class_list":["post-95","page","type-page","status-publish","hentry"],"_links":{"self":[{"href":"https:\/\/misjonikoor.eelk.ee\/index.php?rest_route=\/wp\/v2\/pages\/95","targetHints":{"allow":["GET"]}}],"collection":[{"href":"https:\/\/misjonikoor.eelk.ee\/index.php?rest_route=\/wp\/v2\/pages"}],"about":[{"href":"https:\/\/misjonikoor.eelk.ee\/index.php?rest_route=\/wp\/v2\/types\/page"}],"author":[{"embeddable":true,"href":"https:\/\/misjonikoor.eelk.ee\/index.php?rest_route=\/wp\/v2\/users\/2"}],"replies":[{"embeddable":true,"href":"https:\/\/misjonikoor.eelk.ee\/index.php?rest_route=%2Fwp%2Fv2%2Fcomments&post=95"}],"version-history":[{"count":5,"href":"https:\/\/misjonikoor.eelk.ee\/index.php?rest_route=\/wp\/v2\/pages\/95\/revisions"}],"predecessor-version":[{"id":350,"href":"https:\/\/misjonikoor.eelk.ee\/index.php?rest_route=\/wp\/v2\/pages\/95\/revisions\/350"}],"wp:attachment":[{"href":"https:\/\/misjonikoor.eelk.ee\/index.php?rest_route=%2Fwp%2Fv2%2Fmedia&parent=95"}],"curies":[{"name":"wp","href":"https:\/\/api.w.org\/{rel}","templated":true}]}}